What is the highest common divisor of 36 and 36864?
36
What is the highest common factor of 77085 and 675?
135
Calculate the highest common factor of 49 and 608489.
7
Calculate the highest common factor of 44 and 55121.
11
Calculate the highest common factor of 69500 and 2375.
125
What is the highest common divisor of 116505 and 405?
135
Calculate the greatest common divisor of 115 and 14674.
23
Calculate the greatest common factor of 160 and 45520.
80
Calculate the highest common factor of 1712696 and 8.
8
Calculate the highest common divisor of 825 and 22935.
165
What is the highest common factor of 101 and 3577218?
101
What is the highest common divisor of 86504 and 132?
44
Calculate the highest common factor of 349944 and 112.
56
What is the highest common divisor of 8160 and 20040?
120
What is the highest common factor of 648999 and 702?
351
What is the highest common factor of 104 and 818872?
8
What is the highest common divisor of 33 and 4800147?
33
What is the greatest common factor of 68 and 922318?
34
What is the greatest common divisor of 169506 and 172?
86
What is the highest common factor of 4761 and 1265?
23
Calculate the greatest common divisor of 3570 and 2520.
210
What is the greatest common divisor of 1167 and 97250?
389
What is the highest common divisor of 27 and 20025?
9
Calculate the highest common factor of 6 and 56514.
6
Calculate the greatest common factor of 74 and 15651.
37
What is the greatest common factor of 6832 and 4912?
16
Calculate the greatest common factor of 8855 and 231.
77
What is the highest common factor of 32585 and 3325?
665
Calculate the greatest common factor of 116319 and 406.
203
Calculate the highest common factor of 9680 and 297.
11
What is the highest common divisor of 178112 and 66?
22
What is the greatest common factor of 1393 and 763961?
199
What is the greatest common divisor of 1339 and 2781?
103
What is the highest common factor of 17 and 7514?
17
Calculate the greatest common factor of 594 and 3069.
99
Calculate the highest common divisor of 80898 and 4074.
582
Calculate the greatest common divisor of 4708 and 132.
44
What is the highest common divisor of 34 and 2920770?
34
Calculate the highest common factor of 1440 and 142752.
96
What is the highest common factor of 253 and 4664?
11
What is the greatest common divisor of 8043 and 147?
21
Calculate the highest common divisor of 148295 and 2007.
223
Calculate the greatest common factor of 57187 and 7579.
689
What is the highest common factor of 49 and 8421?
7
Calculate the greatest common divisor of 69706 and 1456.
182
What is the highest common divisor of 4122 and 180?
18
What is the highest common factor of 353717 and 322?
161
Calculate the greatest common factor of 11979 and 143.
11
What is the highest common factor of 221 and 1700?
17
Calculate the highest common factor of 618233 and 2170.
217
What is the highest common factor of 20 and 115804?
4
Calculate the highest common divisor of 42 and 597765.
21
What is the greatest common factor of 3454438 and 26?
26
Calculate the highest common divisor of 2172 and 1005636.
2172
What is the highest common factor of 15 and 5643420?
15
What is the highest common factor of 11175 and 2341535?
745
What is the greatest common divisor of 49625 and 375?
125
Calculate the highest common factor of 69146 and 28.
14
Calculate the highest common divisor of 1808 and 3277.
113
What is the highest common divisor of 13301 and 327148?
283
Calculate the greatest common factor of 640 and 2056.
8
What is the highest common divisor of 78592 and 614?
614
Calculate the greatest common divisor of 2088 and 6148.
116
Calculate the greatest common divisor of 19700 and 8900.
100
What is the highest common factor of 5400 and 2950?
50
Calculate the greatest common divisor of 18788 and 14784.
308
Calculate the highest common divisor of 1 and 2272.
1
What is the highest common divisor of 75 and 7305?
15
Calculate the highest common divisor of 7844 and 4736.
148
What is the highest common factor of 11136 and 62592?
384
What is the highest common divisor of 21636 and 1152?
36
What is the highest common factor of 64117 and 97?
97
Calculate the highest common divisor of 255 and 407847.
51
Calculate the highest common divisor of 10555 and 120.
5
Calculate the greatest common divisor of 24 and 3111804.
12
Calculate the highest common factor of 160 and 635430.
10
Calculate the highest common factor of 180081 and 306.
153
What is the highest common factor of 81891 and 25275?
1011
What is the highest common factor of 94577 and 472?
59
What is the greatest common factor of 282 and 32289?
141
Calculate the greatest common divisor of 6 and 3522.
6
What is the greatest common divisor of 222457 and 596?
149
What is the greatest common divisor of 957 and 3831?
3
What is the highest common divisor of 1728 and 12864?
192
Calculate the greatest common factor of 6604 and 11.
1
What is the greatest common divisor of 1576932 and 168?
84
What is the highest common divisor of 1281555 and 450?
45
What is the highest common factor of 714 and 70?
14
What is the greatest common factor of 3863 and 1?
1
What is the highest common divisor of 1763916 and 924?
924
Calculate the highest common divisor of 5275 and 2075.
25
What is the greatest common factor of 4263 and 603582?
147
Calculate the greatest common divisor of 224 and 18158112.
224
Calculate the highest common divisor of 48500 and 375.
125
What is the highest common divisor of 13039 and 3315?
221
Calculate the greatest common divisor of 394333 and 166.
83
Calculate the highest common factor of 5060 and 140690.
110
Calculate the greatest common factor of 757 and 159.
1
Calculate the greatest common factor of 5017 and 2595.
173
What is the greatest common divisor of 87 and 2639?
29
Calculate the greatest common divisor of 561623 and 172.
43
What is the highest common divisor of 1376 and 3698?
86
Calculate the greatest common factor of 78 and 186732.
78
Calculate the highest common factor of 2954 and 1386.
14
Calculate the greatest common factor of 23985 and 780.
195
Calculate the greatest common factor of 2088 and 360.
72
What is the greatest common factor of 42 and 44667?
21
Calculate the highest common divisor of 86553 and 2301.
177
Calculate the greatest common factor of 208 and 4816.
16
Calculate the greatest common factor of 3311248 and 16.
16
Calculate the highest common factor of 3130 and 98282.
626
What is the greatest common divisor of 75 and 107225?
25
Calculate the highest common divisor of 404 and 38885.
101
Calculate the greatest common divisor of 759 and 32659.
11
What is the highest common divisor of 154680 and 200?
40
Calculate the highest common factor of 5395 and 377.
13
Calculate the greatest common divisor of 160872 and 72.
24
Calculate the highest common divisor of 10896 and 1296.
48
What is the highest common factor of 14735 and 37835?
35
Calculate the highest common factor of 37281 and 12900.
129
What is the greatest common factor of 223 and 142943?
223
What is the greatest common divisor of 283507 and 8484?
707
Calculate the greatest common factor of 141 and 797167.
47
What is the greatest common factor of 949 and 28762?
73
What is the greatest common factor of 561 and 5763?
51
What is the highest common divisor of 528 and 614436?
12
Calculate the greatest common divisor of 6693 and 2944.
23
Calculate the highest common divisor of 112 and 144.
16
What is the highest common factor of 5808 and 5566?
242
Calculate the greatest common factor of 3266 and 61042.
46
Calculate the greatest common divisor of 1674 and 829710.
54
Calculate the highest common factor of 14640 and 2684.
244
What is the greatest common factor of 935 and 3520?
55
What is the greatest common factor of 122482 and 376?
94
What is the greatest common divisor of 112 and 140000?
112
Calculate the highest common divisor of 2015582 and 258.
86
Calculate the greatest common divisor of 142301 and 269.
269
What is the greatest common divisor of 8832 and 16974?
138
Calculate the greatest common factor of 588 and 72667.
49
Calculate the greatest common factor of 245 and 48895.
35
Calculate the highest common factor of 15 and 6875805.
15
What is the greatest common factor of 111 and 7830384?
111
Calculate the highes